se 5.
4
-102 (base 3) to base 11
-10
What is 4 (base 8) in base 13?
4
What is -220 (base 4) in base 15?
-2a
132 (base 5) to base 4
222
What is -1 (base 5) in base 16?
-1
Convert -120 (base 5) to base 7.
-50
What is -10 (base 7) in base 8?
-7
Convert 46 (base 14) to base 10.
62
What is 5 (base 12) in base 5?
10
Convert -122 (base 7) to base 13.
-50
Convert 10 (base 3) to base 5.
3
What is 20 (base 16) in base 6?
52
Convert -49 (base 11) to base 6.
-125
What is 10 (base 11) in base 13?
b
-21 (base 4) to base 6
-13
What is 11 (base 6) in base 16?
7
What is 12 (base 6) in base 9?
8
1 (base 2) to base 7
1
10133 (base 4) to base 9
348
What is 3 (base 5) in base 2?
11
What is 16 (base 8) in base 4?
32
-11 (base 5) to base 16
-6
Convert -1343 (base 6) to base 4.
-11133
110011 (base 2) to base 13
3c
Convert -4 (base 13) to base 9.
-4
Convert -1 (base 4) to base 9.
-1
49 (base 16) to base 2
1001001
What is 1 (base 3) in base 11?
1
Convert -49 (base 14) to base 5.
-230
144 (base 8) to base 14
72
Convert -7 (base 10) to base 3.
-21
What is -20 (base 3) in base 9?
-6
What is -1c (base 13) in base 2?
-11001
Convert -16 (base 8) to base 7.
-20
What is -138 (base 11) in base 7?
-321
What is -7 (base 16) in base 14?
-7
2c (base 16) to base 3
1122
What is 155 (base 7) in base 9?
108
Convert 4 (base 9) to base 7.
4
What is 0 (base 10) in base 13?
0
10 (base 3) to base 16
3
-2 (base 16) to base 6
-2
-3 (base 6) to base 10
-3
Convert -22 (base 9) to base 2.
-10100
Convert -2 (base 5) to base 16.
-2
Convert 0 (base 14) to base 5.
0
What is 14 (base 6) in base 13?
a
3a (base 16) to base 10
58
-7 (base 16) to base 15
-7
-33 (base 4) to base 15
-10
Convert -6 (base 16) to base 14.
-6
Convert -2 (base 4) to base 3.
-2
-3 (base 14) to base 8
-3
8 (base 10) to base 2
1000
174 (base 8) to base 2
1111100
What is -220 (base 4) in base 9?
-44
-310 (base 6) to base 12
-96
2021 (base 3) to base 15
41
15 (base 14) to base 16
13
-10110010 (base 2) to base 6
-454
Convert -40 (base 13) to base 4.
-310
What is 33 (base 16) in base 14?
39
4 (base 5) to base 13
4
What is 17 (base 16) in base 14?
19
What is -1 (base 8) in base 2?
-1
Convert 32 (base 7) to base 6.
35
-18 (base 12) to base 9
-22
What is -423 (base 6) in base 7?
-315
Convert -3 (base 6) to base 16.
-3
Convert 120 (base 6) to base 2.
110000
-5 (base 11) to base 6
-5
Convert 142 (base 9) to base 7.
230
What is -a (base 15) in base 7?
-13
Convert 5 (base 10) to base 14.
5
What is 1403 (base 5) in base 15?
103
-16 (base 11) to base 8
-21
What is 3 (base 4) in base 2?
11
What is 10010111 (base 2) in base 8?
227
What is -1d (base 14) in base 12?
-23
3 (base 12) to base 7
3
Convert -1000 (base 5) to base 14.
-8d
What is 112 (base 3) in base 15?
e
-231 (base 6) to base 4
-1123
Convert 3 (base 6) to base 3.
10
Convert -3 (base 12) to base 15.
-3
What is -52 (base 11) in base 10?
-57
What is -3 (base 6) in base 15?
-3
Convert -3 (base 4) to base 14.
-3
Convert -23 (base 4) to base 13.
-b
What is 0 (base 9) in base 2?
0
3 (base 12) to base 11
3
Convert -18 (base 13) to base 16.
-15
-21 (base 5) to base 13
-b
Convert 213 (base 4) to base 16.
27
What is 10 (base 5) in base 14?
5
-22 (base 8) to base 3
-200
Convert 23 (base 7) to base 15.
12
1 (base 4) to base 8
1
-203 (base 9) to base 10
-165
What is 26 (base 13) in base 7?
44
What is -4 (base 7) in base 2?
-100
-2001 (base 4) to base 11
-108
Convert 36 (base 16) to base 4.
312
What is a (base 12) in base 2?
1010
Convert 0 (base 3) to base 6.
0
Convert -11 (base 3) to base 12.
-4
Convert 10102 (base 3) to base 5.
332
What is 22 (base 3) in base 11?
8
Convert 14 (base 13) to base 14.
13
1 (base 5) to base 6
1
11 (base 6) to base 4
13
Convert -12 (base 3) to base 8.
-5
What is -1000 (base 2) in base 14?
-8
2 (base 5) to base 15
2
What is 31 (base 5) in base 4?
100
What is 3 (base 15) in base 13?
3
What is -123 (base 12) in base 11?
-146
What is 16 (base 11) in base 13?
14
32 (base 15) to base 16
2f
-1 (base 13) to base 9
-1
What is -1 (base 13) in base 3?
-1
-38 (base 13) to base 7
-65
Convert 100100 (base 2) to base 15.
26
What is -23 (base 11) in base 12?
-21
Convert 3 (base 5) to base 12.
3
What is 35 (base 8) in base 14?
21
Convert 4 (base 9) to base 8.
4
Convert -101 (base 3) to base 5.
-20
-4 (base 7) to base 15
-4
What is 4 (base 14) in base 3?
11
Convert -28 (base 16) to base 5.
-130
-8 (base 9) to base 11
-8
Convert 200 (base 4) to base 11.
2a
Convert -21 (base 3) to base 9.
-7
Convert -1 (base 11) to base 2.
-1
Convert 1333 (base 4) to base 16.
7f
Convert -216 (base 7) to base 10.
-111
What is 1 (base 15) in base 2?
1
What is -4 (base 16) in base 11?
-4
Convert -1010 (base 3) to base 5.
-110
What is 11 (base 7) in base 11?
8
101 (base 2) to base 5
10
What is 67 (base 10) in base 4?
1003
Convert -2 (base 15) to base 2.
-10
-6 (base 7) to base 13
-6
What is 0 (base 10) in base 6?
0
-1 (base 9) to base 16
-1
3130 (base 4) to base 2
11011100
What is -4 (base 15) in base 6?
-4
What is 3 (base 12) in base 10?
3
Convert -12 (base 9) to base 15.
-b
What is 1001 (base 5) in base 4?
1332
121 (base 3) to base 4
100
23 (base 13) to base 2
11101
Convert 210 (base 3) to base 2.
10101
1200 (base 3) to base 12
39
Convert 3a (base 11) to base 2.
101011
What is -1 (base 6) in base 9?
-1
What is 11 (base 5) in base 12?
6
Convert 91 (base 13) to base 7.
226
Convert 0 (base 6) to base 14.
0
Convert -5 (base 16) to base 12.
-5
Convert 3 (base 7) to base 2.
11
1 (base 7) to base 2
1
What is 2 (base 11) in base 12?
2
2 (base 12) to base 2
10
Convert 5 (base 10) to base 2.
101
What is -3 (base 10) in base 15?
-3
What is 57 (base 10) in base 8?
71
Convert 31 (base 4) to base 11.
12
Convert 3 (base 15) to base 2.
11
What is -3 (base 11) in base 2?
-11
Convert -1 (base 3) to base 15.
-1
What is -32 (base 12) in base 9?
-42
-1 (base 12) to base 3
-1
What is -2 (base 4) in base 14?
-2
Convert -3 (base 12) to base 9.
-3
Convert -79 (base 12) to base 15.
-63
-100 (base 3) to base 7
-12
-122 (base 5) to base 3
-1101
What is -21a (base 13) in base 10?
-361
-31 (base 14) to base 15
-2d
-1 (base 15) to base 3
-1
Convert -250 (base 6) to base 13.
-7b
Convert 11102 (base 3) to base 16.
77
1 (base 6) to base 3
1
What is 235 (base 9) in base 14?
dc
What is 27 (base 13) in base 6?
53
Convert -3 (base 7) to base 11.
-3
Convert 70 (base 13) to base 6.
231
Convert 12211 (base 3) to base 7.
313
Convert -5c (base 14) to base 8.
-122
-82 (base 9) to base 11
-68
What is 143 (base 6) in base 11?
58
Convert -1 (base 2) to base 14.
-1
What is -27 (base 13) in base 5?
-113
What is -2 (base 5) in base 2?
-10
5 (base 15) to base 10
5
4 (base 11) to base 12
4
What is 2 (base 14) in base 12?
2
What is -9 (base 13) in base 5?
-14
Convert -5 (base 11) to base 3.
-12
Convert 19 (base 10) to base 4.
103
What is -12 (base 3) in base 2?
-101
4 (base 13) to base 14
4
Convert -1110 (base 2) to base 9.
-15
Convert 2b (base 12) to base 5.
120
103 (base 6) to base 4
213
Convert 10012 (base 3) to base 9.
105
What is 2 (base 16) in base 14?
2
Convert 0 (base 10) to base 16.
0
Convert -1332 (base 4) to base 14.
-90
6 (base 14) to base 16
6
11 (base 9) to base 7
13
What is -2 (base 5) in base 2?
-10
12 (base 4) to base 13
6
-155 (base 6) to base 8
-107
a (base 15) to base 5
20
Convert -274 (base 9) to base 10.
-229
Convert 1 (base 10) to base 11.
1
9a (base 16) to base 9
181
What is -8 (base 11) in base 2?
-1000
What is 1 (base 6) in base 2?
1
-3 (base 5) to base 13
-3
Convert -225 (base 12) to base 14.
-189
-b (base 16) to base 9
-12
232 (base 5) to base 6
151
-102 (base 3) to base 11
-10
Convert 22021 (base 3) to base 11.
193
Convert -2 (base 14) to base 12.
-2
What is 5 (base 15) in base 13?
5
-3c (base 13) to base 2
-110011
Convert -123 (base 4) to base 3.
-1000
What is 38 (base 13) in base 9?
52
Convert 122 (base 3) to base 13.
14
-1 (base 11) to base 9
-1
Convert 614 (base 7) to base 3.
102022
Convert -9 (base 16) to base 10.
-9
-94 (base 10) to base 9
-114
-9 (base 15) to base 16
-9
3 (base 6) to base 15
3
What is -2 (base 8) in base 6?
-2
Convert 186 (base 11) to base 15.
e5
Convert 10 (base 4) to base 10.
4
-1 (base 8) to base 6
-1
Convert 55 (base 8) to base 6.
113
Convert 1 (base 16) to base 14.
1
Convert 11 (base 7) to base 15.
